 remainder when 211195 is divided by 4137.
208
What is the remainder when 5110860 is divided by 118?
44
What is the remainder when 30069 is divided by 1499?
89
Calculate the remainder when 399373913 is divided by 16.
9
Calculate the remainder when 733184 is divided by 146565.
359
What is the remainder when 2283068 is divided by 8714?
0
What is the remainder when 1055737 is divided by 3825?
37
Calculate the remainder when 21163 is divided by 1305.
283
What is the remainder when 159637 is divided by 52970?
727
What is the remainder when 2033243 is divided by 4335?
128
Calculate the remainder when 3254589 is divided by 2009.
9
Calculate the remainder when 314512561 is divided by 7.
6
Calculate the remainder when 4547588 is divided by 1176.
1172
What is the remainder when 83949 is divided by 20930?
229
What is the remainder when 741736 is divided by 247233?
37
Calculate the remainder when 4570745 is divided by 13.
10
What is the remainder when 23738 is divided by 551?
45
Calculate the remainder when 2736027 is divided by 179.
12
What is the remainder when 36323518 is divided by 960?
958
Calculate the remainder when 343910 is divided by 9050.
10
What is the remainder when 755497 is divided by 141?
19
What is the remainder when 696370 is divided by 139187?
435
Calculate the remainder when 48026 is divided by 570.
146
What is the remainder when 4697392 is divided by 1177?
1162
Calculate the remainder when 8622 is divided by 839.
232
What is the remainder when 4072652 is divided by 4328?
4
Calculate the remainder when 1177906 is divided by 21416.
26
Calculate the remainder when 133683379 is divided by 1273175.
4
What is the remainder when 111450 is divided by 61?
3
What is the remainder when 1792086 is divided by 159?
156
What is the remainder when 935786 is divided by 37431?
11
What is the remainder when 240537 is divided by 2192?
1609
What is the remainder when 60230 is divided by 11978?
340
What is the remainder when 1832898 is divided by 10910?
18
Calculate the remainder when 1984938 is divided by 2338.
2314
What is the remainder when 4566555 is divided by 971?
913
What is the remainder when 41650639 is divided by 7006?
6975
Calculate the remainder when 1455113 is divided by 242503.
95
Calculate the remainder when 23040704 is divided by 823.
819
What is the remainder when 358427 is divided by 2563?
2170
What is the remainder when 182901 is divided by 52?
17
What is the remainder when 168631454 is divided by 239?
224
What is the remainder when 2330733 is divided by 691?
681
Calculate the remainder when 20225344 is divided by 4451.
0
What is the remainder when 54611771 is divided by 94?
27
What is the remainder when 26455645 is divided by 362406?
7
What is the remainder when 12271491 is divided by 7561?
7549
Calculate the remainder when 12224923 is divided by 74.
49
What is the remainder when 32462 is divided by 16102?
258
What is the remainder when 864221 is divided by 57602?
191
Calculate the remainder when 36170 is divided by 11318.
2216
What is the remainder when 259214 is divided by 320?
14
What is the remainder when 21686853 is divided by 744?
741
What is the remainder when 6201038 is divided by 641?
4
Calculate the remainder when 5014297 is divided by 3312.
3241
Calculate the remainder when 187593 is divided by 187442.
151
What is the remainder when 32722425 is divided by 3236?
3229
Calculate the remainder when 12716 is divided by 4221.
53
What is the remainder when 2889034 is divided by 1251?
475
Calculate the remainder when 220426 is divided by 2319.
121
What is the remainder when 132145 is divided by 1551?
310
Calculate the remainder when 3459207 is divided by 432400.
7
What is the remainder when 63337462 is divided by 9048208?
6
What is the remainder when 3107140 is divided by 63410?
50
Calculate the remainder when 3866043 is divided by 4038.
1677
What is the remainder when 1510485 is divided by 333?
330
What is the remainder when 166262 is divided by 41310?
1022
Calculate the remainder when 6139930 is divided by 1227986.
0
What is the remainder when 11689000 is divided by 2335?
2325
What is the remainder when 28350105 is divided by 29?
24
What is the remainder when 26287 is divided by 1532?
243
Calculate the remainder when 80162869 is divided by 901.
899
Calculate the remainder when 3874681 is divided by 579.
13
What is the remainder when 124892 is divided by 30296?
3708
What is the remainder when 343851 is divided by 34381?
41
What is the remainder when 11444398 is divided by 612?
610
What is the remainder when 1024509 is divided by 1330?
409
Calculate the remainder when 10964005 is divided by 883.
677
Calculate the remainder when 33327 is divided by 10477.
1896
Calculate the remainder when 7622 is divided by 127.
2
What is the remainder when 698499 is divided by 379?
2
What is the remainder when 22300 is divided by 2810?
2630
Calculate the remainder when 8505387 is divided by 16388.
15
Calculate the remainder when 7007803 is divided by 56.
19
Calculate the remainder when 58300419 is divided by 23.
19
Calculate the remainder when 7120811 is divided by 49.
33
Calculate the remainder when 137245 is divided by 1475.
70
What is the remainder when 342363 is divided by 48909?
0
What is the remainder when 1567169 is divided by 33344?
1
What is the remainder when 6950975 is divided by 42?
17
Calculate the remainder when 20222765 is divided by 242.
35
Calculate the remainder when 980194 is divided by 1300.
1294
What is the remainder when 322299 is divided by 213?
30
Calculate the remainder when 27540275 is divided by 488.
483
Calculate the remainder when 127881 is divided by 974.
287
What is the remainder when 28839873 is divided by 14?
13
Calculate the remainder when 156588461 is divided by 391.
390
What is the remainder when 18620623 is divided by 152628?
7
Calculate the remainder when 624761 is divided by 769.
333
Calculate the remainder when 864789948 is divided by 432394973.
2
What is the remainder when 2247341 is divided by 441?
5
Calculate the remainder when 2259297 is divided by 2530.
7
What is the remainder when 7364710 is divided by 2454898?
16
Calculate the remainder when 408547 is divided by 20427.
7
Calculate the remainder when 1453556959 is divided by 2717.
2714
What is the remainder when 355615 is divided by 215?
5
Calculate the remainder when 1603595 is divided by 10962.
3143
What is the remainder when 2251468 is divided by 18607?
21
Calculate the remainder when 1998799 is divided by 153752.
23
What is the remainder when 1984936 is divided by 22810?
466
Calculate the remainder when 350370 is divided by 70072.
10
What is the remainder when 193261 is divided by 96426?
409
Calculate the remainder when 228013 is divided by 12091.
10375
What is the remainder when 10750439 is divided by 39?
11
Calculate the remainder when 5223542 is divided by 8149.
33
What is the remainder when 10612459 is divided by 637?
39
Calculate the remainder when 3087319 is divided by 945.
4
What is the remainder when 1989353 is divided by 497332?
25
What is the remainder when 93228 is divided by 18631?
73
Calculate the remainder when 6767389 is divided by 343.
342
Calculate the remainder when 26390347 is divided by 942512.
11
Calculate the remainder when 1388032 is divided by 60345.
97
Calculate the remainder when 4360542 is divided by 45.
42
Calculate the remainder when 791470 is divided by 35941.
768
What is the remainder when 1490336 is divided by 1490311?
25
What is the remainder when 827716 is divided by 95?
76
Calculate the remainder when 19113536 is divided by 152.
144
Calculate the remainder when 2330476 is divided by 706.
676
What is the remainder when 168381 is divided by 9044?
5589
Calculate the remainder when 415417 is divided by 228.
1
What is the remainder when 161104896 is divided by 653?
1
What is the remainder when 526688 is divided by 526687?
1
What is the remainder when 1166689 is divided by 10605?
139
Calculate the remainder when 404842 is divided by 280.
242
Calculate the remainder when 3130269 is divided by 782301.
1065
What is the remainder when 1273940 is divided by 261?
260
What is the remainder when 1580314 is divided by 3559?
118
What is the remainder when 101452411 is divided by 128?
123
What is the remainder when 59697628 is d